41. Suppose k*f - c = -0*f. What are the prime factors of f?
83
Let n = -164401 + 237489. What are the prime factors of n?
2, 571
Suppose w = 29*w - 388998 - 467830. List the prime factors of w.
71, 431
Let p(s) = -2*s**3 + 25*s**2 + 15640. List the prime factors of p(0).
2, 5, 17, 23
Let o be 1*(-8 + 3 - -9). List the prime factors of o*(221/34)/(2/28).
2, 7, 13
Suppose 0 = 3*i - 5 - 22. Suppose 0 = i*z - 10*z + 394. What are the prime factors of z?
2, 197
Suppose -287*p = -281*p - 12. Let z(t) be the second derivative of t**4 + t**3/3 - 3*t**2/2 + t. What are the prime factors of z(p)?
7
Let a(y) = y**3 + 9*y**2 + 4*y - 27. Let k be a(-8). Suppose 3*n - 383 = 802. Suppose 4*i - k*q = n + 502, 3*q = 3*i - 669. What are the prime factors of i?
2, 109
Let j(x) = 71*x**2 + 28*x - 67. List the prime factors of j(14).
3, 47, 101
Let n(a) = 385*a + 2495. What are the prime factors of n(171)?
2, 5, 6833
Let f(r) = 2*r**2 + 3*r + 3. Let q be f(-2). Suppose 0*x + 5*x + 4*b = 3653, 3635 = q*x - 5*b. What are the prime factors of x?
3
Suppose -3*p = 109*u - 104*u - 139404, 3*u - 5*p - 83588 = 0. List the prime factors of u.
2, 3, 23, 101
Suppose 0 = -77*j + 64*j. Suppose -u - 2*x = -418, j = 18*u - 20*u + x + 846. List the prime factors of u.
2, 211
Let b be 3 + (225 - 0)/(-5). Let q be (1 + 2)/((117/b)/(-13)). What are the prime factors of ((-147)/q)/((-1)/6)?
3, 7
Suppose -340*i = -336*i - 1268. Let g = i + 931. List the prime factors of g.
2, 3, 13
Let h(p) be the third derivative of -15*p**2 + 0*p + 187/6*p**3 - 1/8*p**4 + 0. List the prime factors of h(0).
11, 17
Let n = -553 + 558. Suppose 2*g - 2706 = 4*l, -n*g - 3*l = -0*g - 6817. What are the prime factors of g?
1361
Let a be 63860/496 + 1/4. Suppose -2*u + 124 = -u. Suppose u*i + 150 = a*i. List the prime factors of i.
2, 3, 5
Suppose 96*x - 900557 = -941131 + 2439998. List the prime factors of x.
2, 12497
Let h(g) = g**2 + 2*g - 7. Let m be h(-10). Suppose -98*p = -97*p - m. List the prime factors of p.
73
Suppose 3*c + b = 505 + 5685, -8240 = -4*c - 4*b. What are the prime factors of c?
5, 7, 59
Let a be 9776/5 + (-24)/(-30). Suppose -a = -5*l + 2*x, 3*l - 2*x = -65 + 1237. What are the prime factors of l?
2, 7
Let k be 20/6 - 3 - (-11)/3. Suppose -k*h - 2*h = h. Suppose -8*c + 78 - 6 = h. List the prime factors of c.
3
Suppose 11*g - 12*g = -4*j - 9926, 4*j + 29730 = 3*g. What are the prime factors of g?
2, 4951
Suppose -49*v + 448948 + 1380173 = 0. What are the prime factors of v?
3, 23, 541
Let w = 120 + -225. Let d = -58 - w. Suppose -2*c = -5*c + 4*x + d, 5*c = -4*x + 121. What are the prime factors of c?
3, 7
What are the prime factors of 7917741/961 - ((-66)/(-62) + -1)?
7, 11, 107
Let r(w) = -59411*w - 415. What are the prime factors of r(-1)?
2, 7, 43
Suppose 0 = 2*x - 3*x - 4, 0 = -4*a - 2*x - 3536. Let m = 2493 + a. What are the prime factors of m?
3, 179
Let k be (15/(-6) - -2)*0. Let s be (-7)/14*k/(-2). Suppose 3*m = -s*m + 216. List the prime factors of m.
2, 3
Let c be 2/((-6)/(-27)) + 4. Let i(g) = -2*g**2 + 14*g + 4. Let l(h) = 4*h**2 - 30*h - 9. Let o(b) = 5*i(b) + 3*l(b). List the prime factors of o(c).
71
Suppose -15894 = 659*i - 662*i. List the prime factors of i.
2, 3, 883
Let t(c) = -c**3 - 3*c**2 + 5*c + 8. Let f(s) = -s**2 + 13*s + 8. Let y be f(8). Let h = -54 + y. List the prime factors of t(h).
2, 43
Let b(n) = n**3 - 4*n**2 + 4*n - 2. Let x = -39 - -72. Let s = x + -27. List the prime factors of b(s).
2, 47
Let g(n) = -n**2 + 2*n - 9. Let j be g(-11). Let f = 657 + j. Let x = f + -294. List the prime factors of x.
211
Let n(z) = -4*z - 8. Let r be n(-6). Let h be (-7)/(-4) + r/64. Suppose 5*o - h*p = 32 + 8, p - 5 = 0. What are the prime factors of o?
2, 5
Let p = -273 + 6461. What are the prime factors of p?
2, 7, 13, 17
Suppose -4*g - 2*y = 22646, y = 2*g - 2*y + 11311. What are the prime factors of g/(-10) - (10/2 + 1)?
2, 5, 7
Let w(o) be the first derivative of 7*o**3 + 9*o**2 + 96*o + 26. What are the prime factors of w(-6)?
2, 3, 31
Suppose -22*m = -21*m + 2*g - 4784, -g + 4784 = m. What are the prime factors of m?
2, 13, 23
Let o(u) = u**2. Let i(h) = -h**2 - 4*h - 3. Let q be i(-3). Let c be o(q). Suppose 7*p - 169 + 22 = c. List the prime factors of p.
3, 7
Let k(q) = 61*q**2 + 33*q - 58*q + 31*q - 8. List the prime factors of k(-3).
523
List the prime factors of ((-275920)/(-6)*180/80)/2.
3, 5, 3449
Let o = -33 + 98. Let r = o + -83. List the prime factors of (-1066)/r - (5 - (-86)/(-18)).
59
Suppose -3*n = -c + 17209, 72682 = 5*c - 3*n - 13339. List the prime factors of c.
17203
Let i = -9878 - -11531. List the prime factors of i.
3, 19, 29
Let q be 20/6 + -3 - 5/15. List the prime factors of (1 + -2)*(q - 155 - -3).
2, 19
Let t(f) = 9*f**2 + 9*f + 12. Let i be 16/(-6)*30/(40/4). List the prime factors of t(i).
2, 3, 43
Let q(l) = l**2 + 3*l - 2. Let i be q(1). Suppose -4*g + 0*r = 2*r - 16, 0 = -i*g - 4*r + 14. Suppose -3*f + 690 = g*f. What are the prime factors of f?
5, 23
Let v = 763 + -793. List the prime factors of (v - 1104)/((-6)/4).
2, 3, 7
Let h be 158/(-8) + 2*(-1)/8. Let f be (-10)/25 - 208/h. What are the prime factors of (-4)/f - (810/(-25) + -3)?
5, 7
Let l(f) = 3*f**3 + 4*f**2 + 11*f - 8. Let q be l(-5). Let r = 865 + q. What are the prime factors of r?
17, 31
Let p = 5640 + -3791. Suppose 3*v = 4*z + p, -13*z + 1825 = 3*v - 11*z. List the prime factors of v.
13, 47
Let x(l) be the second derivative of -29/6*l**3 - 1/12*l**4 + 0 - 25/2*l**2 - 27*l. What are the prime factors of x(-12)?
179
Let h = 3350 - 563. List the prime factors of h.
3, 929
What are the prime factors of -1 + -10 + 1289 - (3 - 4)?
1279
Let q(i) = 93*i - 93. Let g be q(1). Let r = -5 - -6. List the prime factors of (180 + 3)*(r - g).
3, 61
Suppose 16*z - 50895 = -z - 10*z. What are the prime factors of z?
5, 13, 29
Let w be -54*2168/(-16) + -7. Suppose -1330*g + 1325*g + w = 0. What are the prime factors of g?
2, 17, 43
Let c(p) = -1856*p + 507. List the prime factors of c(-3).
3, 5
List the prime factors of 13/91*0 - 13*-169.
13
Let f = -124 + -239. Let r(x) = -37*x + 1273. Let t be r(49). Let s = f - t. What are the prime factors of s?
3, 59
Let m be (-6 - (0 + -4))*119. Let l = m - -698. List the prime factors of l.
2, 5, 23
Let u = -37107 + 125259. List the prime factors of u.
2, 3, 3673
Suppose 2*y + 4*x = 37060, 29*x = -3*y + 31*x + 55574. What are the prime factors of y?
2, 59, 157
Let q(t) = -3*t - 7. Let x be q(-5). Let d be 16/12 - x/(-12). Suppose d*s + 126 = 11*s. List the prime factors of s.
2, 7
Suppose 7*b - 5385 = 8552. What are the prime factors of b?
11, 181
Suppose -n - 55 = m + 4*m, 4*m = -4*n - 236. Let h = -79 - n. Let v = h + 51. List the prime factors of v.
2
Suppose 5*i + k - 138183 = 0, 0 = 8*i - 6*i - 2*k - 55290. List the prime factors of i.
2, 13, 1063
Let b(y) = 8*y**3 - y**2 - 6*y + 7. Let d be 15/(-10)*20/(-6). Suppose 0 = -d*x + 17 - 7. What are the prime factors of b(x)?
5, 11
Let c(v) = 4*v**2 - 102*v + 128. What are the prime factors of c(49)?
2, 3, 263
What are the prime factors of 24*(167152/24)/31?
2, 337
Let r(g) = -6*g**3 - 8*g**2 - 16*g - 18. Let p be (-656)/123 + (-1)/(-3). What are the prime factors of r(p)?
2, 3, 17
Suppose 2*h = -b + 4*h + 14, 4*h + 12 = 0. List the prime factors of 2316/3 - (b + 1 + -4).
13, 59
Suppose 126*g - 2004039 = 1071873. What are the prime factors of g?
2, 17, 359
Let l = 848 - -1664. Suppose -3*q = -2*t + l, -3*t = -2*t - 3*q - 1262. What are the prime factors of t?
2, 5
Suppose -8*n = -11*n - 15, 0 = -4*s + 3*n - 1. Suppose -3*o = q - 0*q - 36, 3*q = 4*o - 61. Let l = o - s. List the prime factors of l.
17
Let y = 32 - 4. Suppose 4*a + v = y, 8 = -2*v + 4*v. List the prime factors of 128/a - 16/(-24).
2, 11
Suppose 3*x = x + 60. Let f = -27 + x. Let h(n) = 5*n**2 - 3*n - 3. What are the prime factors of h(f)?
3, 11
Suppose 0 = 2*o - 2*m + 1718 + 1192, o + 2*m + 1449 = 0. Let j = -734 - o. List the prime factors of j.
719
Suppose 3*i + 33 + 225 = 0. Let c = i + 300. Let w = 315 - c. What are the prime factors of w?
101
Let z be 23360/180 - 6/(-27). Let f = z - -26. What are the prime factors of f?
2, 3, 13
Let x(q) = 2557*q + 426. What are the prime factors of x(10)?
2, 67, 97
Let v be ((-